3*t - 3*g - 134 = 355. List the prime factors of t.
3, 5, 11
Suppose -6*d + 4*d - 42 = 0. Let i = 26 + d. What are the prime factors of i?
5
Let d(i) = i**3 + 8*i**2 - 9. Let w be d(-8). What are the prime factors of (-6)/w - (-91)/3?
31
Let l(f) = -f**3 + f**2 + f + 1. Let m(d) = -d**3 + 3*d**2 - d + 2. Let i be m(3). List the prime factors of l(i).
2
Let w(y) be the third derivative of 1/8*y**4 + 0*y - y**3 + 0 - 4*y**2 + 1/60*y**5. What are the prime factors of w(-6)?
2, 3
Suppose 0 = -s + 4. Suppose -5*u + s*m + 33 = 0, 0 = 2*u - 5*m - 2 - 1. What are the prime factors of u?
3
Suppose -4*z + n = -18, -2 = -3*n + 2*n. What are the prime factors of z?
5
Let l(i) = i - 1. Let z be l(1). Suppose z = 5*d - d. Suppose -4*o - 5*p + 14 = 2, d = -4*o - 3*p + 12. List the prime factors of o.
3
List the prime factors of (-26)/(-5)*(6 - 1).
2, 13
Let n = 6 + -8. Let q be 4/(-3)*-3*n. List the prime factors of (-4)/16 + (-34)/q.
2
Let w(j) = j - 1 + 5 + 3. Let r be w(-6). Let h = 1 + r. List the prime factors of h.
2
Suppose g + 0*y = 3*y + 27, 4*g - 147 = -y. Suppose 2*s + 5*f + 0*f - g = 0, -f = 2*s - 20. List the prime factors of s.
2
Let p = -73 - -189. Let n = p + -77. Suppose d - g = 7, 5*d - 7*g + 3*g - n = 0. List the prime factors of d.
11
Let v be ((-11)/(-2))/(3/(-6)). Let a = v - -15. List the prime factors of a.
2
Suppose -p + d = -0*p, -2*p = 5*d. Suppose -q + 13 = -3*j - 5, q + 2*j - 3 = p. What are the prime factors of q?
3
Let g(b) = -1. Let k(h) be the first derivative of 2*h**2 - 7*h - 2. Let a(r) = 6*g(r) - k(r). What are the prime factors of a(-2)?
3
Let k be 128/(-7) + 12/42. Let d = k + 26. What are the prime factors of d?
2
Let j(z) = z**2 - z - 1. Let g(q) = -9*q**2 + 6*q + 5. Let d(i) = -g(i) - 6*j(i). Let p be (-9)/(-7) + (-4)/14. What are the prime factors of d(p)?
2
Let d(w) = -w**3 + 10*w**2 - 11*w + 9. Let h be d(9). Let y = h + 9. Let x = 15 - y. What are the prime factors of x?
3, 5
Let r(p) = -p**2 - 9*p - 6. Suppose 19 - 51 = 4*g. List the prime factors of r(g).
2
Let p(c) = 161*c**3 - c**2 - c + 1. Let z be p(1). Suppose 0 = 3*f + 2*y - 69, 5*f - z = -y - 38. Let a = -14 + f. List the prime factors of a.
11
Let q(z) = -z**3 - 6*z**2 + 3. Suppose 5*m + 14 = -16. Let p be q(m). Suppose w + p = 9. List the prime factors of w.
2, 3
Suppose 1 - 3 = -u. Suppose 0 = u*y, -y + 10 = 5*j - 10. List the prime factors of j.
2
Let y(u) = -2*u - 7. What are the prime factors of y(-10)?
13
Let r(l) = l**2 + 2*l - 6. Let x be r(-5). Suppose a = -z + 3*z + x, 3*a = 4*z + 19. Let d = 8 + a. List the prime factors of d.
3
Suppose -1 = 3*m + 11. Let o = m + 17. What are the prime factors of o?
13
Suppose 2*g = -4*f + 132, 0 = -4*f + 2*g + 119 + 13. Let j = -16 + f. List the prime factors of j.
17
Suppose 17 = -3*o + u - 2*u, u = o + 3. Let l(a) = -a**3 - 6*a**2 - 6*a + 7. List the prime factors of l(o).
2, 3
Let l be (-3)/(-9) + (-56)/6. What are the prime factors of (-1432)/(-36) - 2/l?
2, 5
Let v(o) = o**3 - 5*o**2 - 6*o - 4. Let n be v(6). What are the prime factors of (-3)/(3/(-22)) + n?
2, 3
Let m(z) be the first derivative of -3*z**4/2 - z**3/3 - z**2 - z + 1. Let c be 3/3*1/(-1). What are the prime factors of m(c)?
2, 3
Let z(x) = 10*x - 18. What are the prime factors of z(10)?
2, 41
Let n(s) = -5*s - 61. What are the prime factors of n(-28)?
79
Let x = 7 + 0. Suppose w + x = 2*w. What are the prime factors of w?
7
Suppose 2*t = -t + 15. Let o(p) be the first derivative of -p**3/3 + 7*p**2/2 - 5*p + 1. What are the prime factors of o(t)?
5
Suppose 0 = 2*j - 6, 2*t - 2*j + 23 = 81. Suppose t = 5*k - 8. What are the prime factors of k?
2
Suppose -3*l + 80 = -4*v, -9*l - v + 36 = -8*l. Suppose -3*j + 16 = 4. Suppose 4*p = -2*y + l, p - j*y - 6 = 2*p. What are the prime factors of p?
2, 5
Let s be -2*(9/(-6) + -1). Suppose 215 = s*h - 0*h. List the prime factors of h.
43
Let r = 0 - 2. Let q = 5 + r. What are the prime factors of q?
3
Let z(y) = 7*y - 4. Let d(c) = -8*c + 4. Let u(x) = 5*d(x) + 6*z(x). Suppose -13 - 15 = -4*k. List the prime factors of u(k).
2, 5
Suppose 0 = -3*f + 9, -2*f = n + 3*f - 18. Suppose -4*u - n = -3*u. Let z = u + 6. List the prime factors of z.
3
Let r(u) = -9*u + 29. List the prime factors of r(-8).
101
Let i be (1 - -5)/((-16)/(-8)). Suppose 56 = i*q + q. List the prime factors of q.
2, 7
Suppose 0 = -4*u + 6*u - y - 456, 4*y - 912 = -4*u. List the prime factors of ((-2)/(-8))/(3/u).
19
Let h(g) = -g**2 + g - 1. Let m be h(2). Let f be 6/8 + m/4. Suppose f = 3*z + 2*z - 30. List the prime factors of z.
2, 3
Let m be -3*(-4 + 1)*5. Let i be (m/(-6))/((-1)/2). Suppose 0*b + i = 5*b. List the prime factors of b.
3
Let p = 2 - -10. Suppose p = -c - 3*c. What are the prime factors of 5 - (-1 - c) - -5?
2
Suppose 5*x - 135 = -0*x. Let i = x - 16. What are the prime factors of i?
11
Suppose -1 = 2*w - 9. List the prime factors of w/(-3 + 13/4).
2
What are the prime factors of (-3 - -20)/(-4 + 145/35)?
7, 17
Let u(h) = -5*h**2 - 47*h + 20. Let f(q) = 2*q**2 + 16*q - 7. Let b(k) = 11*f(k) + 4*u(k). List the prime factors of b(8).
5, 7
Let p be (-27)/(-18)*(-16)/(-6). Suppose -p*n + 94 = -6. List the prime factors of n.
5
Let t be 1/(-2) - (-465)/(-10). Let b = 24 + t. Let k = -4 - b. List the prime factors of k.
19
Let f(y) = y + 1. Suppose -1 = -4*j + 15. Suppose -n - n - j*b = -20, 0 = 2*n - 4*b - 4. What are the prime factors of f(n)?
7
Let b(k) = -17*k - 5. Let p be b(-6). Let d = p - 66. What are the prime factors of d?
31
List the prime factors of (6 + 2)/(-1 - (-19)/17).
2, 17
List the prime factors of -4 - 6/(-2) - 17*-3.
2, 5
Let w(l) = -2*l + 1. Let s be w(-9). Suppose -4*t - s = -5*t. List the prime factors of t.
19
Suppose -f - 3*r = 0, -5*f + f + 5*r = 0. Suppose x + 26 = 3*a - 16, f = 4*a - 5*x - 56. Let h = -8 + a. List the prime factors of h.
2, 3
Let g(n) = 3*n**2 - 8*n - 1. Let j be g(7). Suppose l = -4*l - j. Let x = -12 - l. What are the prime factors of x?
2, 3
Suppose 3*j = 243 - 54. What are the prime factors of j?
3, 7
Suppose -2*x = -39 + 9. Let z be ((-8)/10)/((-9)/(270/4)). Let a = x - z. List the prime factors of a.
3
List the prime factors of 274 - 33 - (-1 + 7).
5, 47
Let z(j) = j**3 - 5*j**2 + j + 2. Let a be z(5). Suppose -2*q = -4*r - 12, -q - 7*r = -2*r - 27. Let u = q - a. List the prime factors of u.
5
Suppose -2*a + p - 51 = -3*a, p + 2 = 0. List the prime factors of a.
53
Let y = 11 - -99. List the prime factors of y.
2, 5, 11
Let y = -2 + 9. Let z = 3 - y. List the prime factors of 18 + z - (-1 - 2).
17
Suppose -3*b + 0 + 3 = 0, -3*b - 5 = -4*p. Let k be (p + 3)*(-24)/10. List the prime factors of (9/k)/((-2)/24).
3
Suppose 59 = -4*l - 13. Let c(h) = 3*h**3 + 3*h**2 - h - 2. Let k be c(2). Let f = k + l. What are the prime factors of f?
2, 7
Let z be 282/22 - 4/(-22). Suppose -2*i + z = -9. What are the prime factors of i?
11
Let p(t) = -4*t - 20. What are the prime factors of p(-8)?
2, 3
Let f = 47 + -33. What are the prime factors of f?
2, 7
Let q(h) = -h - 9. Let v be q(-7). Let p be v/4 - 5/(-2). List the prime factors of (-2 + 2)/p + 2.
2
List the prime factors of -1*(-45 - 8/(-4)).
43
Suppose -3*l - 2*l + 310 = 0. What are the prime factors of l?
2, 31
Let j(n) = -3*n + 1. Let k be j(9). Let t = k + 37. List the prime factors of t.
11
Let h(u) = 3*u**3 + 11*u**2 - 11*u + 9. Let s(g) = 7*g**3 + 23*g**2 - 23*g + 18. Let m(i) = 9*h(i) - 4*s(i). List the prime factors of m(6).
3
Let i be 1 - (2 + 0) - -30. Suppose 2*o - 5*z = -o + 89, 0 = -o + 2*z + i. What are the prime factors of o?
3, 11
Suppose 0 = -93*b + 89*b + 248. List the prime factors of b.
2, 31
Suppose 8 = -4*u + 5*u. Suppose -4*c + u = 0, -4*c - 36 = -4*h + 28. List the prime factors of h.
2, 3
Let w = -10 + 5. Let d = w - -10. List the prime factors of d.
5
Let c = 1 + 0. Let x(o) = o**3 - 2*o**2 - 7*o + 6. Let q be x(4). Let h = q + c. List the prime factors of h.
11
Let m be (-10)/(-25) - (-107)/(-5). Let h = m + 30. What are the prime factors of h?
3
Suppose -4*z = -3*z + 4*n + 36, -99 = 4*z + n. Let r = z + 52. What are the prime factors of r?
2, 7
Let p(g) = 6*g**2. Let d be p(-1). Let j = d + -8. What are the prime factors of (-14)/(-8) - j/8?
2
Let y(f) = -f**3 + 10*f**2 - 3*f + 8. Suppose 2*k + 